omposite?
False
Let j(n) = 55176*n - 695. Is j(2) a composite number?
True
Suppose 57219 = 69*s - 149436. Is s prime?
False
Let n(d) = -d**2 - 11*d - 6. Let v be n(-10). Suppose -3*p + 22 = 2*a + p, v*p = -3*a + 25. Suppose -a*g + 412 = 2*w + 2*g, 2*w - 430 = 4*g. Is w composite?
False
Let f = -17 - -23. Suppose -2*t - f = 4. Is (0 - -787) + 0/t prime?
True
Let h be (-2)/(2/(-25095))*(-200)/(-600). Let f = h - 4916. Is f prime?
True
Let h = 131 + -131. Suppose -f + x + 1588 = h, -f + 0*f = -5*x - 1576. Is f composite?
True
Let f be 193020/50 - (-6)/10. Suppose -m - 266 = -f. Is m composite?
True
Let u(x) = -8*x**3 - 3*x**2 + 1. Let g be u(-1). Let b(i) = -173*i - 6. Let c be b(g). Let v = 2951 + c. Is v a prime number?
True
Let j(g) = 15 + 1 - 2*g - g + 2*g. Let k be j(13). Suppose -775 = k*f - 8296. Is f a prime number?
False
Let t = 2938 - 1747. Suppose -4*p - 4*k + 4784 = 0, -t = 9*p - 10*p - 2*k. Is p a composite number?
False
Let c = 386163 - 92942. Is c a composite number?
False
Suppose -6 = 2*y + 4*k, -5*y + 5*k - 3*k - 51 = 0. Suppose 1587 - 6057 = -15*v. Let c = v - y. Is c prime?
True
Let q = -7305 - -22426. Is q prime?
True
Let m(y) = 1300*y - 340. Let o be m(-54). Let u = -31181 - o. Is u a prime number?
True
Suppose -7*t = -2*t + 4*p - 798925, -4*p = -5*t + 798885. Is t prime?
False
Is 25/20*(-8 + 1716724/10)*2 prime?
True
Let z(x) be the third derivative of -x**5/60 - x**3/6 + 19*x**2. Let l(t) = -t**3 + 7*t**2 - 9*t + 23. Let g(a) = l(a) - 2*z(a). Is g(6) a composite number?
False
Let x be (23 + -22)/(2/14). Suppose 0 = -4*r + x*r - 1347. Is r a composite number?
False
Is (215436/36)/((-6)/(-18)) prime?
False
Let z(r) = 1022*r**2 - 60*r + 219. Is z(4) a prime number?
False
Let m be (-8)/2*(-4437)/(-6). Let g = -4681 - -3897. Let o = g - m. Is o a composite number?
True
Suppose -t - 682086 = -5*u + 2*t, -4*u = 2*t - 545682. Suppose 14*s = u - 25427. Suppose -5*h - p + 9915 = -6*p, 4*h = 3*p + s. Is h a prime number?
True
Let l be 20/6*(-594)/(-110). Is l/(-36) + 17086/4 composite?
False
Suppose 10 = 5*a - 7*a + 5*s, 3*a - 5*s = -10. Suppose a = 3*z - 15784 - 36239. Is z a prime number?
True
Let z(o) = -37915*o - 5924. Is z(-29) a prime number?
False
Suppose -5009 = -2*t + 3*t - q, q = -3*t - 15031. Is (-2 - t/(-9))/((-14)/21) composite?
True
Let v(m) be the third derivative of m**6/120 + 3*m**5/20 + 3*m**4/8 - 2*m**3 - 27*m**2. Is v(-5) composite?
False
Suppose 4*w + 8 = m, 5*w - 6 = -4*m + 5. Is 1739*(-15 - -13)/(w*2) a composite number?
True
Let q = -282151 - -401228. Is q composite?
True
Let w(l) = -l**2 - 14*l + 30. Suppose 3*s = -0*s, 3*s - 45 = 3*i. Let u be w(i). Suppose -u = -z - 2*p - 0*p, -p = -2*z + 55. Is z a composite number?
True
Suppose 55*a - 24*a - 34592623 = -22*a. Is a a composite number?
True
Is 15 - 31/(93/(-1134804)) prime?
True
Let c(j) = -9*j**3 - 2*j**2 + 2. Let g be c(-6). Suppose 1870 = 4*x + 25*z - 28*z, 4*x - z = g. Is x a composite number?
True
Is (1 - -276982)*1 + (-13)/(598/(-276)) a composite number?
True
Let c(p) = -2126*p - 10. Let o be c(-2). Suppose -3*x = -o - 4191. Suppose -x + 359 = -4*z. Is z composite?
False
Is (-1 - -6) + ((-3)/9 - 239709/(-9)) a composite number?
True
Let k(u) = -u**3 + 2*u**2 + 3*u - 1. Suppose s = -5*v + 6*s, -s = -3*v + 4. Let h be k(v). Suppose n - 5*l = 228, -3*n + 400 + 224 = h*l. Is n prime?
False
Let h = 69698 - 40236. Is h prime?
False
Suppose 0*y - 4*y = 28. Let g = y - -12. Suppose 0 = -g*k + 10*k - 6905. Is k a composite number?
False
Suppose 3*h - 12 = -0*n - 3*n, -20 = -5*h - 4*n. Suppose 2*a + 4*v + 27 - 11 = 0, -h*a - 7 = 3*v. Suppose 277 = a*f - 229. Is f composite?
True
Let p(n) be the first derivative of n**3 + n**2/2 + 10*n + 76. Is p(12) a prime number?
False
Let y be 62/93 - 4/18*3. Suppose 4*w + z + y*z = 19559, 3*z = 9. Is w prime?
True
Suppose 4*b + 2*w - 273560 = 0, 235*w - 273566 = -4*b + 234*w. Is b prime?
False
Suppose 0 = -4*t + 285*i - 287*i + 304832, i = -4*t + 304830. Is t composite?
False
Let n be (61 + -60)/((-36906)/18454 - -2). Suppose 0*i - 4*y + 18466 = 2*i, -y = -i + n. Is i prime?
False
Let n = 84354 + -46105. Is n a composite number?
True
Suppose -16*y = 262419 - 1128675. Let i = y - 24664. Is i prime?
False
Suppose -12*d - y - 64687 = -14*d, -2*d + 64684 = -2*y. Is d prime?
False
Let i = 7 - -30. Let r = 40 - i. Suppose 159 = 4*s - r*s. Is s a composite number?
True
Let t(d) = -26*d**2 + 9*d. Let j be t(7). Suppose o + 7308 = 15*o. Let q = o - j. Is q a prime number?
True
Let d = 379 - 375. Suppose d*p - 10*a + 7*a = 48203, -4*a + 12027 = p. Is p a composite number?
True
Let i(u) = -6*u + 0*u - 157*u**3 + 6 + 7*u**2 + 239*u**3. Is i(4) a composite number?
True
Let g = -200 - -207. Suppose -3*f = c - 10792, -g*c + 3*c + 43216 = -4*f. Is c a prime number?
False
Let w = 5998 - 8672. Let j = -1870 - w. Let i = -487 + j. Is i a composite number?
False
Let g = 30864 - -84019. Is g composite?
False
Suppose -680*k - 2190 - 14691 = -683*k. Is k a composite number?
True
Let k(h) be the second derivative of -99*h**5/10 - h**4/6 - h**3/3 + h**2/2 + 141*h. Is k(-1) a prime number?
True
Is (29006/4)/((-3)/(-4) + (-25)/100) a composite number?
False
Let b = 990 - 593. Let v = b + -68. Is v a prime number?
False
Let a be (1 - 96/(-2))*(-13 - -14). Let g(w) = 95*w + 20. Let v be g(9). Suppose -7*p + v = a. Is p a prime number?
False
Let m(w) = 3*w + 846 - 4*w - w**2 - 11*w - 844. Let l be m(-12). Suppose -4 = -4*h, l*j + 5*h + 1348 = 5*j. Is j a prime number?
False
Is -7 + (-13 - -154913 - 10) prime?
True
Let f = -603 - -305. Let a = 1809 + f. Is a composite?
False
Suppose -6 = -4*m - 10. Let r be (21/14)/(m/(-6)). Is ((-3)/r - -1)/(2/4317) a composite number?
False
Let o be (54 - 4)/5 - -2. Let m be 4 - (o/3)/(-4). Suppose -4*d = 5*t - 2*d - 1877, m*t - 1865 = -5*d. Is t prime?
False
Let p = -651 - -1691. Suppose -2*b + 8054 = -p. Is b composite?
False
Suppose 78*y + 2758584 = 102*y. Is y prime?
True
Suppose 24*q + 89852 = 824660. Is q a prime number?
False
Let k(d) = 9*d**3 - 415*d**2 - 115*d + 19. Is k(47) prime?
False
Let s(q) = -q**2 + 2*q + 2. Let p be s(0). Suppose -r + 3*i + p = 4*i, -3*i = 9. Suppose n - 13704 = -r*g, 8*g - 7*g - n = 2742. Is g prime?
True
Suppose -46*h - 17*h + 35834504 = 5*h. Is h prime?
False
Suppose -4*s - 8*q = -106556, 43*q - 47*q = -3*s + 79977. Is s prime?
False
Let p(g) = -4*g**3 + 325*g**2 + 94*g - 21. Is p(80) a composite number?
False
Suppose -6*s - 24 = -14*s. Suppose -j + s*c + 84 + 76 = 0, 0 = c + 1. Is j composite?
False
Let g(y) be the first derivative of -3*y**2/2 - 24*y - 39. Let o be g(-13). Suppose 12*c - o*c = -2514. Is c prime?
False
Is 6/(72/60)*(-1242466)/(-10) prime?
False
Let o(t) = -76*t**3 - 2*t**2 - 9*t + 77. Is o(-10) a composite number?
False
Let n be (-1)/2 - 3/((-12)/(-70)). Let j = 26 + n. Is 2/j*4*324 + 3 composite?
True
Is 0 + -4 + (-25597)/(-22)*62 a prime number?
False
Let h(c) be the first derivative of -3362*c**2 + 31*c - 106. Is h(-2) prime?
False
Suppose -5556*q + 5506*q + 9957950 = 0. Is q composite?
True
Let t be (4/14)/((-22)/(-154)). Is (-42 + 43)/((t/(-21281))/(-2)) a composite number?
True
Suppose 33*j = -45*j + 8225646. Is j composite?
True
Let y = -20 - -30. Let u(r) = 74*r + 2448. Let c be u(-33). Suppose -c*d - 8324 = -y*d. Is d a composite number?
False
Let j(s) be the third derivative of 7*s**4/8 + 191*s**3/3 - 32*s**2. Is j(35) a prime number?
True
Let o(i) = 1158*i - 10. Let q be o(2). Let t = -1489 + q. Is t a composite number?
True
Let m(s) = -3*s**3 + 11*s**2 - 15*s + 5. Is m(-16) a prime number?
True
Let k = 497 + -495. Suppose 3*j + 2*a = 12151, -k*j + 2*a = -145 - 7949. Is j composite?
False
Let l = -17596 + 37021. Let h = -10342 + l. Is h prime?
False
Let h(a) = -99*a**3 + 6*a**2 + 5*a + 5. Let y(r) = 98*r**3 - 6*r**2 - 4*r - 5. Let l(s) = -5*h(s) - 6*y(s). Is l(-5) composite?
True
Suppose 10*q - 155126 = 694004. Is q prime?
True
Suppose -2*n + 22414 = 5*n. Is n - (0 + -7 + 4) composite?
True
Let i(z) = -5*z - 1. Let m be i(2). Let o(p) = -69*p - 86. Is o(m) a prime number?
True
Let n(b) = -39*b**3 + b**2 - 7*b - 13. Let d be n(-6). Suppose -3*j + 16*j - d = 0. Is j a composite number?
False
Let v = 40 + -42. Let h(z) = -2*z. Let y be h(v). Is 26604/(